3 and s?
13
Let j(n) = 105*n - 2. Let k be j(4). Suppose -2*t + 10*c + 100 = 13*c, t - 6 = 4*c. What is the greatest common divisor of k and t?
38
Suppose 4*w - 117 = -4*t + 83, -3*t - 4*w + 147 = 0. Suppose -50*y = -t*y + 60. What is the highest common factor of y and 25?
5
Let c be -8 + 27 - (5 + (-2 - 2)). Suppose 5 = -o, 0 = -2*w - 2*o + 356 - 78. What is the highest common divisor of c and w?
18
Let o(k) = 2*k**3 - 21*k**2 + 37*k - 308. Let s be o(11). What is the greatest common divisor of s and 28160?
220
Let j be (2 + -4)*35*57/(-2). Suppose -292 = -f - 3*q, -4*f + j = -q + 775. What is the greatest common factor of f and 32?
16
Let g(z) be the first derivative of 12*z**3 - 4*z**2 - 19. Let b be g(-2). Calculate the highest common factor of 10 and b.
10
Suppose 3*w - d - 170 = 0, 40*w - 2*d = 37*w + 172. Let h = 205 - 121. Suppose 0*v + 2*v - h = 0. Calculate the highest common divisor of w and v.
14
Let j(r) = -31*r**3 + 405*r**2 + 24*r + 1. Let c be j(13). What is the greatest common factor of c and 2387?
217
Let u(t) = -18*t + 62. Let s(m) = -2. Let k(p) = 4*s(p) - u(p). Let n be k(5). Calculate the greatest common divisor of 15 and n.
5
Let d be 5/(-10) + (-42)/(-4). Suppose 4*q - d*q = -24. Suppose 2*s = -k + 39, 41 = -q*k + 3*s + 186. Calculate the greatest common factor of 296 and k.
37
Let c = 370 + -94. Let n = 654 + -585. What is the greatest common divisor of c and n?
69
Let f be (18/15 + -2)/((-30)/75). Let v be 34*(-6)/(-24)*4/f. What is the greatest common factor of 51 and v?
17
Suppose -2*t = 4*d - 206, t = -0*t + 5. Suppose -290*m = -410*m + 17640. Calculate the highest common factor of m and d.
49
Let b(k) = 724*k**2 - 142*k - 473. Let v be b(-5). Calculate the greatest common divisor of v and 22.
11
Suppose 5*d - 2 = 8. Suppose -3*k - c + 23 = d*k, 2 = -c. Suppose 103 = k*n + 28. What is the highest common factor of n and 10?
5
Let t(n) = -11*n + 42. Let k be t(4). Let p be 228 + (3/k - (-126)/28). Calculate the highest common factor of 66 and p.
33
Let y be 2196/(-48) - (-15)/20. Let m be -96*(5 + -1 + y/6). What is the greatest common factor of 42 and m?
42
Let u = -25415 - -25437. Let y be 8*2/8*3. What is the highest common divisor of y and u?
2
Let q(x) = 19*x + 3. Let p = 324 + -321. Let n be q(p). Suppose 2*l = 6*l - 20, -i + 50 = 4*l. Calculate the greatest common factor of i and n.
30
Let j be (-1 - (-31)/(-5))*-45. Suppose 4*c + 32*c - 72 = 0. Let b be (c/(-4))/((-9)/j). Calculate the greatest common divisor of b and 45.
9
Suppose -5*b + s - 3*s + 1724 = 0, 1044 = 3*b - 2*s. Let t = -336 + b. Calculate the highest common divisor of t and 130.
10
Let n be (-3)/1 - -2*24/6. Suppose 79 = 2*q - u - 23, q - 69 = n*u. Let l = -17 + q. What is the greatest common divisor of l and 4?
4
Let l = -348 + 84. Let j = l + 499. Suppose 0 = -2*g + r + 82, g = 6*g + 5*r - j. What is the greatest common factor of 43 and g?
43
Suppose -2*i - 4*k - 70 = 0, -9*i + 12*i = 3*k - 60. Let d(t) = -7*t - 40. Let n be d(i). Calculate the greatest common factor of 45 and n.
45
Suppose -2*c - 1840 - 65 = -7*o, -4*c = 2*o - 558. Calculate the greatest common divisor of 91 and o.
91
Suppose 4*h = 2*h + 470. Suppose 0 = -0*c + 2*c + 32 - 42. Calculate the greatest common divisor of c and h.
5
Let b = -95 - -224. Suppose 0 = -17*c + 13*c + 344. Calculate the greatest common factor of b and c.
43
Let m be 6*(-22 - 315/(-14)). Calculate the highest common factor of 1527 and m.
3
Suppose -4*x - 2128 + 2225 = 3*v, v + 21 = 4*x. Let m = 724 + -173. What is the highest common factor of v and m?
19
Suppose 250369 + 29082 = 41*y - 208736. Calculate the greatest common divisor of y and 49.
49
Let b(d) = d - 59. Let l be b(49). Let p be (-8834)/l + (-175)/125. What is the greatest common factor of 18 and p?
18
Let f be (7235/5)/((-5)/(-10)) - 6. Calculate the highest common divisor of f and 8.
8
Suppose -5*b + 12514 = 11239. Calculate the highest common factor of b and 816.
51
Suppose -620*z = -483*z - 54485 - 61965. Calculate the greatest common factor of 175 and z.
25
Let t = 5973 + -822. What is the greatest common divisor of t and 51?
51
Suppose 2*o - 394 = -2*p, -8*p = -13*p + 20. Calculate the greatest common divisor of 579 and o.
193
Suppose -7*t + 14 = -42. Let w(i) = -2*i**2 + 18*i - 10. Let o be w(t). Let k = o - -4. What is the highest common divisor of 170 and k?
10
Let m(o) = -16*o**3 + 4*o**2 - 3*o + 7. Let i be m(-3). Let j(g) = g**3 - 4*g**2 - 185*g + 20. Let d be j(16). Calculate the highest common divisor of i and d.
44
Let h(n) = -26*n - 18. Let u be h(-8). Let b = u - 178. Calculate the highest common factor of b and 16.
4
Let o be 5 + (-822)/((-6)/2). Suppose 21*w + 10*w - o = 0. Calculate the highest common factor of w and 45.
9
Let i = -40 + 130. Let u(v) = -209*v**3 - v**2 - 3*v + 2. Let n be u(1). Let f = n - -221. Calculate the greatest common factor of i and f.
10
Suppose -4*r + 0*r + 16 = 0. Suppose r*k = 15 - 59. Let s = k - -16. What is the highest common factor of s and 5?
5
Let j = -2 + 4. Suppose 5*u - 2*a + 5*a = 270, -j*u = 2*a - 108. Let o be (15408/(-32))/107*(-2 - 2)*2. What is the greatest common divisor of o and u?
18
Let h = -22 - -27. Let u be (405/(-6))/h - (-8)/(-16). Let w(a) = -a**2 - 14*a + 5. Let y be w(u). What is the highest common divisor of 65 and y?
5
Let c be (0 - 1)*52/16*(-472 + -12). Calculate the greatest common divisor of 26 and c.
13
Let p be 4/18 + (-4 - (-1229955)/135). Calculate the greatest common divisor of 7 and p.
7
Let s = 289 + -28. Let d be ((-2)/(16/302))/((-40)/(-160)). Let f = s + d. What is the greatest common divisor of 22 and f?
22
Let s = 4627 + -1888. Calculate the greatest common factor of 132 and s.
33
Suppose 0 = 186*q - 120*q - 14256. What is the highest common divisor of 360 and q?
72
Let z be (-6)/(-9)*(-60)/(-40) - (-130 - 1). Calculate the highest common factor of z and 24.
12
Let b(u) = -u + 55. Let a be b(-29). Suppose h + 5*i = 89, -3*h + i + a = -119. Calculate the highest common divisor of h and 184.
23
Let k = -69 - -72. Suppose -3*u + k = -6*u + 2*a, -3*u - a = -6. Suppose -3*n + 6 = 3*r, -u = r + 2*n - 2. Calculate the greatest common factor of 27 and r.
3
Let p(w) = 224*w**2 + 97*w + 194. Let d be p(-2). Calculate the greatest common factor of d and 140.
28
Suppose 5*r - 317 = -d, 5*d + r + 3*r = 1501. Let j be 6/9*-1 + 29/3. Calculate the highest common divisor of j and d.
9
Let c be 4/(-16) - (-10)/8. Let j(h) = -2 + 70*h**2 - 4 - 206*h + 212*h. Let s be j(c). What is the greatest common divisor of 42 and s?
14
Let a be ((-15)/20 - 63/(-36))*20. What is the greatest common divisor of 28940 and a?
20
Let m(q) = -43*q**3 + 4*q**2 + 6*q + 2. Let g be m(-2). Calculate the greatest common divisor of g and 650.
50
Let j be (0 + -18)/(111/(-1332)). Calculate the greatest common factor of j and 729.
27
Let u be 1211/5 - 2/10. Suppose 0 = 5*r - 8*n - 260, 3*r - 22*n = -27*n + 107. Calculate the highest common factor of u and r.
22
Let k(t) = t**2 + 2*t + 2. Let g be k(5). Suppose -3*u - 94 = x - 63, -5*x - 4*u - 34 = 0. Calculate the highest common divisor of x and g.
1
Let t = 91 + -89. Let b(y) = y**2 + 3*y + 12 - 28 + y**t. Let v be b(4). What is the highest common factor of 14 and v?
14
Let b(k) = 9*k + 933. Let x be b(27). What is the highest common divisor of x and 1323?
147
Suppose 2*w + 41 = 145. Let h = 70 - w. Suppose 2*j + j - 18 = 0. Calculate the highest common divisor of j and h.
6
Suppose 9*i + 191 = -853. Let b = i + 119. What is the highest common divisor of b and 24?
3
Let r = 8 + 10. Let u = 1129 + -1112. Suppose -u*o + r*o = 91. Calculate the greatest common divisor of o and 13.
13
Let g be (-17)/2*(0 + -2). Let u = 8412 - 8021. Calculate the highest common factor of u and g.
17
Let h be 12/8*88/6. Suppose 5*s + 5*m - h = m, -14 = -s - 4*m. Let t be (-212)/(-18) + s/9. Calculate the greatest common divisor of t and 6.
6
Let a = 2554 + -1487. What is the highest common factor of a and 11?
11
Suppose 5*p = -568 + 593. Suppose 21*f = p*f + 2976. Calculate the highest common divisor of 6 and f.
6
Let p be (-20 + 3)/((-10)/4 - 1334/(-552)). Calculate the greatest common divisor of p and 1564.
68
Let g = 17690 - 17339. What is the highest common 